+ 1. Let y be o(-1). Suppose y*c = 5*c - 323. Suppose 11*r + c = 1423. What is the tens digit of r?
0
Suppose v = -2*q - 12, -7 = v + 3*q + 5. Let n(z) = -z**3 - 11*z**2 + 11*z - 16. Let o be n(v). Let j(l) = -l**3 - l**2 - l + 5. What is the tens digit of j(o)?
5
Let n(t) be the second derivative of -t**4/12 + 7*t**3/6 + 11*t**2/2 + 2*t. Let h be n(8). What is the units digit of (12/(-30))/(h/(-195))?
6
Suppose -86*m + 289510 = -4*m + 3*m. What is the thousands digit of m?
3
Let o = 458 - 461. Let q(c) = 32*c**2 + 8*c + 1. What is the hundreds digit of q(o)?
2
Let k be (-134)/(-5)*(123 + -18). Suppose 2*h + k = 8*h. Let y = h + -185. What is the units digit of y?
4
Suppose 3508 = 44*v - 4368. What is the units digit of v?
9
Let p(i) = 173*i - 243. What is the units digit of p(6)?
5
Let z(s) = -265*s - 10. Let c be z(-11). Suppose -15*r = c - 10450. What is the hundreds digit of r?
5
Suppose 0*c - 4*c - 572 = 0. Suppose -b - b = 4*p + 632, 5 = -p. Let n = c - b. What is the hundreds digit of n?
1
Let w be 2/5 - (-61594)/115. Suppose 0 = 2*s - 15*s + 1820. Suppose -s + w = 4*r. What is the tens digit of r?
9
Let l = -6 + 8. Suppose 4*q = l*h + 2, q - 5*h = -16 + 3. Suppose -q*z + 4 = 2. What is the units digit of z?
1
Suppose 0 = 2*p - 5*n - 18, -2*p + 13 - 1 = -2*n. Suppose -2*r + p*r = 5*l + 2098, -3*r + 3*l = -3147. What is the thousands digit of r?
1
Let j(o) = -179*o - 10. Let h be j(-2). Let w = -135 + h. What is the tens digit of w?
1
Let m(j) be the first derivative of -3*j**3/2 - 12*j**2 + 16*j - 21. Let n(i) be the first derivative of m(i). What is the units digit of n(-5)?
1
Let n = 37 + -62. Let q = 30 + n. Suppose -q*g = 7*g - 672. What is the tens digit of g?
5
Let x = 28301 - -26183. What is the thousands digit of x?
4
Let q = -75 + 77. Suppose -5*h = 5*f - 1035, q*h - 747 - 89 = -4*f. What is the tens digit of f?
1
Let w(v) = 80*v - 5. Let s be w(3). Let j = s + -125. Suppose 0 = 4*c - 298 - j. What is the hundreds digit of c?
1
Let p be (-12)/22 + 1884/66. Suppose 0 = -7*w + p + 231. What is the units digit of w?
7
Let x be (28/7)/(-5 + 6). Suppose 0 = 19*a - 18*a + x*s - 520, 12 = -3*s. What is the hundreds digit of a?
5
Suppose 125 = -2*g + 3*g - 2*u, -5*g + 615 = -5*u. Suppose 7*c = g + 971. What is the hundreds digit of c?
1
Suppose 21762 = 24*y - 15*y. Suppose -235 = 4*v + 5*k - y, v = -5*k + 542. What is the units digit of v?
7
Let n = -704 - -1322. Let m = n - 98. What is the units digit of m?
0
Let d = -137 + 153. Suppose -5 = -2*z + z. Suppose -d - 1274 = -z*k. What is the tens digit of k?
5
Suppose -k + 3 = 15. Let b(c) = -c**3 - 11*c**2 - 6*c - 27. What is the units digit of b(k)?
9
Let j(g) = 2*g**3 - g + 2. Let w be j(1). Let z be 1/w - (-428)/(-6). Let k = -20 - z. What is the tens digit of k?
5
Let n(b) = 2*b**2 - 27*b + 15645. What is the ten thousands digit of n(0)?
1
Suppose 0 = -42*x - 550506 + 1497144. What is the hundreds digit of x?
5
Let a(y) = 11353*y**2 - 232*y - 232. What is the tens digit of a(-1)?
5
Let t = -8643 - -19286. What is the tens digit of t?
4
Let n(d) = -11*d**2 + 6*d - 10. Let t(f) = f**2 - f + 1. Let b(r) = -n(r) - 6*t(r). Suppose 2*s = 4*a + 18, -8*s + 4 = -4*s. What is the tens digit of b(a)?
8
Let p be 13767/6 - ((-1)/(-2) + -1). Suppose 132 = -7*o + p. What is the tens digit of o?
0
Let o = -501 + 1385. What is the hundreds digit of ((-144)/(-32))/(3/o)?
3
Let a = 62 + -46. Let t(x) = -x**3 + 14*x**2 + 34*x - 21. Let m be t(a). Suppose -m*j - 9*j = -3540. What is the hundreds digit of j?
1
What is the hundreds digit of 174070/35 - 0 - (-30)/(-70)?
9
Let k be 1112/3 - (-7)/21. Let m(h) = -h**3 + 9*h**2 - 34*h - 14. Let y be m(8). Let f = k + y. What is the tens digit of f?
4
Let q be 260 - (-1 - (-3 - -4)). Let i be 298*12/40*5. Let u = i - q. What is the hundreds digit of u?
1
Suppose -1196937 = 78*j - 3439437. What is the hundreds digit of j?
7
Let g be (-1170)/(-21) - 8/(-28). Suppose 0 = -2*b + 3*d - g, 50 = 4*b - 5*d + 162. What is the units digit of ((-1416)/7)/(-4) + (-12)/b?
1
Suppose -r + 12*m = 8*m - 11, 4*r = -5*m + 23. Suppose r*x - 7713 = -2*x. What is the hundreds digit of x?
8
Let i be (-86469)/(-41)*(-5)/(-3). Suppose 4*s + 4*l - 1171 - 3513 = 0, 3*s + 5*l - i = 0. What is the tens digit of s?
7
Let v be ((-66)/(-8))/(75/(-300)). What is the tens digit of (5 - 10)*((-6)/(-3) + v)?
5
Let o(p) = -4*p - 5. Let l be (-12)/60 - (-1 + (-59)/(-5)). Let k = -26 - l. What is the tens digit of o(k)?
5
What is the hundreds digit of (-12)/((324/(-4072))/27)?
0
What is the hundreds digit of 10710/476*(-4842)/(-5)?
7
Let d = -2771 - -19102. What is the units digit of d?
1
Let t = 44 - 33. Suppose u = -0*u - n - 5, -5*u = -2*n + t. What is the tens digit of -18*(-1 - (-7)/u)?
6
Let c(j) = -j**3 + 138*j**2 + 460*j - 517. What is the tens digit of c(139)?
0
Let q(c) = c**3 + 16*c**2 - 2*c - 24. Suppose -5*i + 90 = -5*a, 8*a - 4*a = -i - 62. Let z be q(a). Suppose 2*v - z*v = -324. What is the tens digit of v?
5
Let k(o) = -3 - 7 + 2*o**2 + 14*o - 19 - 14. Let b be 21*((-6)/4)/((-9)/(-4)). What is the hundreds digit of k(b)?
1
Suppose 0 = 17*s + 12*s - 8*s - 909825. What is the thousands digit of s?
3
Suppose 0 = 4*c - 16, 0 = -5*w + c + 83580 + 56526. What is the thousands digit of w?
8
Let y be (-136)/28 + 1/(-7). What is the tens digit of -2 + 4/2 - -254 - y?
5
Let z(c) = c**3 + 2*c**2 + c + 3. Let a be z(0). Let k(l) = -l + 7. Let o be k(a). Suppose o*f - h = 124 + 114, -f + 50 = -5*h. What is the units digit of f?
0
Suppose -9*a - 61 - 29 = 0. Let r be (-2)/(-4) - 2395/a. Suppose 0*q - 5*q = -r. What is the tens digit of q?
4
Suppose 4*o = 3*w + 14175, -o + 5*w = 4*o - 17725. Suppose 4*q = -4*u + 2260, 2*q + o = 4*u + 1292. Let m = u - 345. What is the hundreds digit of m?
2
Let s be ((-6770)/(-25))/((-1)/(-10)). Suppose -388 = -12*l + s. What is the units digit of l?
8
Suppose -5*w - 2*s = 102, 7*s = -3*w + 3*s - 50. Let c = w + 14. Let p(n) = -n**3 - 8*n**2 - 5*n + 11. What is the tens digit of p(c)?
5
Let l(c) = 39*c**3 - 6*c**2 + 11*c - 4. Let s be l(4). Suppose 3*m - s = -2*p, 0 = -2*m + 20*p - 18*p + 1630. What is the units digit of m?
4
Suppose -62*g + 252*g = 5800510. What is the thousands digit of g?
0
Let a(j) = 142*j**3 - 6*j**2 + 9*j - 5. Let g be a(2). Suppose 4*i = 5*f - g, -2*f - i = 12 - 475. What is the hundreds digit of f?
2
Let f(m) = -3 + 148*m + 16 - 25*m. What is the hundreds digit of f(5)?
6
What is the units digit of 1*(-1)/(((24/50216)/(-3))/1)?
7
Let q(r) = -r**2 + 22*r + 17. Let a be q(23). Let l be 3 + 3 + a + 1. What is the tens digit of 255/12 - l/4?
2
Suppose 5*s - 407 = 123. What is the hundreds digit of (2 + s)*(44/12 + 0)?
3
Let p(c) be the first derivative of -c**2/2 + 37*c + 15. What is the tens digit of p(-18)?
5
Let b(c) = 2*c - 15. Let k be b(8). Let p be 1438/10 + k/5. Let l = p + -53. What is the units digit of l?
1
Let b(h) = 2*h**3 - 24*h**2 + 19*h + 27. Let z be b(12). Suppose 2*n + z = 7*n. What is the units digit of n?
1
Let p = -540 - -542. Suppose p*n + 32*n = 36244. What is the units digit of n?
6
Let v be 2/(-4)*-1 + 155/2. Suppose -v*g = -74*g - 60. Let s(f) = 12*f - 42. What is the tens digit of s(g)?
3
Suppose -8*f + 3 = -5*f. What is the units digit of ((-24)/(-3))/(f/9*3)?
4
Suppose -4*f - 4*h + 36942 = -92662, -4*f = 3*h - 129597. What is the thousands digit of f?
2
Let z(x) = 694*x - 1473. What is the tens digit of z(56)?
9
Suppose -46928 - 92544 = -8*p. What is the tens digit of p?
3
Suppose -t + 118 = -3*g, -g - 3*g - 159 = -t. Let a be (-6)/(-2) - (g + 1 + 2). Let b = a + 10. What is the units digit of b?
1
Suppose -5*r = -2*c - 45843 - 124815, 170688 = 5*r + 3*c. What is the ten thousands digit of r?
3
Let s(d) = 13*d**2 + 136*d - 1600. What is the ten thousands digit of s(-69)?
5
Let p(r) = 2*r**3 - 3*r**2 + 4*r - 4. Let q be p(2). Suppose -q*a = -7*a - 407. What is the hundreds digit of a?
4
Suppose 4*n + 3*n - 2*a = 210843, -30131 = -n - 5*a. What is the units digit of n?
1
Suppose -40*l + 78*l = 118256. What is the hundreds digit of l?
1
Let f(n) = 1412*n - 7277. What is the ten thousands digit of f(18)?
1
Let n = -10160 - -14998. What is the hundreds digit of n?
8
What is the thousands digit of -6995*(-3)/3 - (-